e remainder when q is divided by b?
12
Suppose -2*y - 5*g = -47, 14 = 4*g - 6. Suppose -752 = -y*z + 3*z. Calculate the remainder when z is divided by 16.
14
Let g(u) be the second derivative of -u**3/6 + 11*u**2/2 + 7*u. Let h be g(8). Let z(o) = 4*o**2 + o - 1. Calculate the remainder when z(h) is divided by 14.
10
Let y = 916 + -890. What is the remainder when 753 is divided by y?
25
Suppose -2*q + 548 = -3*j, 0 = -3*q - 0*j + j + 822. What is the remainder when q is divided by 23?
21
Let q(a) = a**2 + 7*a - 327. Calculate the remainder when q(-23) is divided by 28.
13
Let k = 47 - 42. Suppose k*q + 65 = 5*x, 4*x - 3*q + 0*q = 48. Calculate the remainder when 25 is divided by x.
7
Let m = -813 + 825. Calculate the remainder when (-4)/(-18) - (-403)/9 is divided by m.
9
Let b = 25 - 45. Let l = b + 20. What is the remainder when -2 - l - -64 - 3 is divided by 30?
29
What is the remainder when 113 is divided by (-20)/(-130) - 518/(-13)?
33
Let c = 14 + -16. Let v be ((-20)/(-25))/(c/(-10)). Suppose 283 = 4*y + k, -5*y = -v*k + 2*k - 344. Calculate the remainder when y is divided by 18.
16
Let b be 4*3/(-24)*-4. Suppose -y - 1 + 0 = b*r, 5*y + r = 4. Calculate the remainder when 47 is divided by (y - (-2 + -22))*1.
22
Let n(w) = -w**3 + 18*w**2 + 24*w - 46. What is the remainder when 117 is divided by n(19)?
19
Let u(y) = 56*y**3 - y**2 - 8*y + 8. Suppose 4*r + 20 = 4*i + r, 3*i - 22 = 4*r. Suppose 57 = a + i*a. What is the remainder when u(1) is divided by a?
17
Let s = 52 + -48. Suppose -7*a = s*f - 3*a - 24, 3*a - 3 = 0. What is the remainder when f is divided by 1?
0
Suppose 29*n = 26*n + 45. Suppose -q + m = -m - n, -m = 4*q - 60. Let z = 13 + -9. Calculate the remainder when q is divided by z.
3
Calculate the remainder when -3 + (-30)/5 - -184 is divided by 59.
57
Suppose -3*p - 4*p + 14 = 0. Suppose 5*h - 4*o - 1150 = -3*o, 1145 = 5*h - p*o. Suppose -12*g = -9*g - h. Calculate the remainder when g is divided by 20.
17
Let z be ((-66)/15)/((-1)/5). Let r = z - 11. Calculate the remainder when r is divided by 7.
4
Let f(k) = 9 - 7 - k**3 - 8*k + 2*k**3 - 4*k**2 - 4. Let a(x) = x**2 - 4*x + 1. Let m be a(5). Calculate the remainder when f(m) is divided by 6.
4
Suppose 4*v - 5*f = 247, f - 5 = -4*f. What is the remainder when ((-4)/(-6))/(2/(-9)) + v is divided by 21?
18
Suppose -2*u + 2*x = -10, -4*u + 19 = 4*x - 25. Calculate the remainder when 39 is divided by u.
7
Let g(x) = -x + 7. Let k be g(7). Suppose 6*o + 5*q = 5*o - 57, k = -3*o - q - 115. Let b = -15 - o. What is the remainder when 85 is divided by b?
19
Let o(b) = -9*b - 64. Let d be o(-6). Let j = 36 + d. Calculate the remainder when 74 is divided by j.
22
Suppose -3*t = -4*p - 285, -3*t - 5*p = -104 - 181. Let l = -55 + t. Calculate the remainder when l is divided by 7.
5
Suppose -i = -2*q + 24, 2*q - 37 = -q + 2*i. Let a = 37 - q. Let p = -19 + a. Calculate the remainder when 24 is divided by p.
3
Suppose 0 = -3*l + 5*l - 20. Let z be (-18)/30 + 136/l. Suppose -y = 4*d - 44, 3*y - z = 3*d - 46. What is the remainder when 31 is divided by d?
9
Let b(v) = 3*v**3 + 88*v**2 + 28*v - 17. Let t(c) = 10*c**3 - 3*c**2 + 2*c - 2. Calculate the remainder when t(2) is divided by b(-29).
10
Suppose -5*j + 75 = -2*j. Let z(u) = u**3 - 11*u**2 + 13*u - 23. Let d be z(9). Let n = 77 + d. Calculate the remainder when j is divided by n.
7
Suppose 0 = 139*g - 132*g - 567. What is the remainder when 276 is divided by g?
33
Let j = -7 - -4. Suppose -3*n = 2*m - 19, 4*n - 2*m = n + 23. What is the remainder when j/2*80/(-12) is divided by n?
3
Let p = -94 + 98. Let g(s) = -s**3 + 4*s**2 + 4*s + 3. Suppose -2*r - 5*o = -0*r - 116, -r - 4*o = -61. What is the remainder when r is divided by g(p)?
15
Suppose -5*a = 6*a - 605. What is the remainder when 0 + a - 0/(-3) is divided by 19?
17
Let t(b) = 7*b**2 - 6*b - 21. Calculate the remainder when t(5) is divided by 12.
4
Suppose -2*t + m - 13 = -4*t, 36 = 5*t - m. Let r(y) = 19*y**2 - y. What is the remainder when r(-1) is divided by t?
6
Let c be (-2)/1 - (3 - 50). Suppose -w = -4*w + c. Calculate the remainder when 44 is divided by w.
14
What is the remainder when 22 is divided by -2 + (225/(-100))/((-6)/32)?
2
Let j(z) = -93*z + 284. Suppose -5*x + x + 96 = 0. What is the remainder when x is divided by j(3)?
4
Let i(c) = c**3 + c**2 - c + 4. Let q be i(0). Suppose -q*s + 60 = -4. Calculate the remainder when 235*(112/10 + -11) is divided by s.
15
Let m(d) = 115*d**2 - 2*d + 1. Let w be m(1). Suppose w = -5*u + 11*u. Let b(h) = -h**3 + 6*h**2 - 2*h - 4. What is the remainder when u is divided by b(5)?
8
Let w(n) be the second derivative of 7*n**4/12 + n**3/6 - n**2 + n. Suppose 0*k = 5*k - 45. Calculate the remainder when w(-2) is divided by k.
6
What is the remainder when 275 is divided by -9 - 61/(-1) - 12?
35
Suppose 0 = -6*x + 132 - 42. What is the remainder when 56 is divided by x?
11
Let x(t) = t**2 - t - 268. Let u be (-6)/(-21) - (-556)/14. Suppose 0 = -2*o - 2*o + u. What is the remainder when o is divided by x(-16)?
2
Suppose 4 = -k + 2*k. Suppose -34 = -k*z + 5*p, -z = -2*z - 3*p. Let r = -297 + 314. Calculate the remainder when r is divided by z.
5
Suppose 17*k = 20*k - 9. What is the remainder when 24 is divided by k?
0
Let f = -9 + 43. Let h = 4674 - 4661. What is the remainder when f is divided by h?
8
What is the remainder when (-28)/(-2)*18/4 is divided by 8 - ((-2208)/384 + (-3)/(-4))?
11
Suppose -59 - 150 = -11*h. Let b = h - 13. Calculate the remainder when 45 is divided by b.
3
Let g = -44 - -75. Suppose -2*l + g + 45 = 0. Calculate the remainder when l is divided by 13.
12
Suppose 3*u - 40 = 32. Let b = u - 18. Let k(v) = v**2 - 8*v + 14. Calculate the remainder when 9 is divided by k(b).
1
Let h = 44 - 2. What is the remainder when h is divided by (-3)/(-9)*(-2 - -35)?
9
Calculate the remainder when (30951/12)/19 + (-4)/(-16) is divided by 49.
38
Let m(w) = w**2 - 17*w - 5. Let x = -70 + 102. Let h = x - 10. Calculate the remainder when h is divided by m(18).
9
Calculate the remainder when 2/11 - 46256/(-176) is divided by 67.
62
Suppose -223 = 5*d + m, -5 = -4*m - 17. Let h = 7 - d. What is the remainder when h is divided by 13?
12
Let f = -146 - -201. Calculate the remainder when f is divided by 36.
19
Let d(n) = n**3 - 2*n**2 - 6*n - 3. Let f be (-2 - 2)/(-4) + (4 - 0). Let y = 8 + 3. Calculate the remainder when d(f) is divided by y.
9
Calculate the remainder when 15 is divided by -6*(-5 - (-38)/12).
4
Calculate the remainder when -1*11/(55/(-240)) is divided by 17.
14
Suppose 4*x = -x + 50. Suppose -2*y + x = 3*y. Suppose -3*f + y*f = -4. Calculate the remainder when 7 is divided by f.
3
Let z(g) = -2*g**3 + 20*g**2 + 22. Suppose 0 = -2*x + 3*x - 3*a - 52, 3*x - 116 = a. Let m = 26 + x. Calculate the remainder when m is divided by z(10).
19
Suppose -16*t + 14*t + 16 = 0. Calculate the remainder when ((-3)/(-6))/((-2)/(-92)) is divided by t.
7
Suppose -2*f - 4 = -100. Let w be 135/4 + (-36)/f. Suppose h = 2*h - w. What is the remainder when h is divided by 17?
16
Let q(y) = 2*y + 22. Let s be 14*(-5 + -1 + 4). Let g = s + 55. Calculate the remainder when g is divided by q(-4).
13
Let g = 52 + 30. Suppose -2*f + 78 + g = 0. What is the remainder when f is divided by 27?
26
Let j(d) = d**3 + 17*d**2 + 21*d + 94. Calculate the remainder when 39 is divided by j(-16).
11
Let x = 751 + -676. Let p = 0 - -13. What is the remainder when x is divided by p?
10
Let h = 351 - 306. What is the remainder when h is divided by 10?
5
Suppose 2*f + 5 - 13 = 0. Suppose -5*x - 2*t + 4*t = -14, 3*t = -5*x + f. Calculate the remainder when 6 is divided by x.
0
Let a = -188 - -377. Suppose 20 = 11*h - a. What is the remainder when 34 is divided by h?
15
Let h(p) = p**3 - 10*p**2 - 10*p. Let x be h(11). Suppose k - 11 = 2*a + x, 0 = 2*k + 3*a - 72. What is the remainder when k is divided by 8?
6
Suppose -14 = 2*f - 68. Let k = -18 + f. What is the remainder when 3*((-80)/(-3))/5 is divided by k?
7
Let h = -394 + 462. What is the remainder when 202 is divided by h?
66
Suppose -5*n = -13 + 3. Let i(d) = d**3 + 3*d**2 - 2*d + 1. Suppose -z - 28 = -5*z. What is the remainder when i(n) is divided by z?
3
Let s(b) = 12*b - 1. Let f be s(2). Let c